ppose 4*f - 80 = 1517*j - 1514*j, 4*j = 0. Let g(b) = -b**2 + 16*b - 2. Calculate g(f).
-82
Let j(r) = 4*r**2 + 68*r - 144. Let m(k) = -2*k**2 - 34*k + 54. Let g(b) = -2*j(b) - 5*m(b). What is g(-16)?
-14
Suppose 64 = 8*v - 24. Let l(q) = -10 + 0*q + 0*q**2 + q**2 + v - q**3 - 12*q**3 - q. Give l(1).
-12
Let a(w) = -w**3 - 5*w**2 + 4*w + 3. Let m(k) = 34*k - 584. Let r be m(17). Calculate a(r).
15
Let o(p) be the second derivative of 76*p + 1/12*p**4 - 2*p**2 + 0 - 1/3*p**3. Give o(-3).
11
Suppose 0 = 4*d + 21*d + 150. Let l(c) = c**3 + 3*c**2 - 19*c - 8. What is l(d)?
-2
Suppose 2*s + 18 = 3*d, -5*d - 4*s = -0*s - 8. Let n(p) = -350*p + d + 701*p - 350*p. Determine n(-7).
-3
Let x(s) be the first derivative of 1/2*s**2 + 2 - 14*s + 1/6*s**3. Let o(q) be the first derivative of x(q). Calculate o(-7).
-6
Suppose -16*k + 19*k = -2*g + 247, -4*g - k = -469. Let w(i) = -58*i**3 - 4*i + g*i**3 + 2*i**2 - 5 - 57*i**3. Determine w(-2).
3
Let r be 5 + 12/180*10*3. Let c(d) be the third derivative of -5*d**4/24 + 3*d**3/2 + d**2. Determine c(r).
-26
Let l = -11 + 12. Let k be 1/(-2)*2 + l + 3. Suppose -3*v = -4*j + v, -30 = k*j + 3*v. Let f(n) = n**3 + 4*n**2 - 7*n - 1. Determine f(j).
9
Let x(r) = r**2 + 6*r + 1. Let v(c) = 36*c + 462. Let n be v(0). Let s = n - 467. Give x(s).
-4
Let x(p) = p**3 - 4*p**2 - 4*p. Let s = -59 - -58. Let q be (-10)/(-6 + (3 - s)). What is x(q)?
5
Suppose 2*w + 620*q - 617*q - 23 = 0, -3*w = q - 10. Let i(s) = 10*s**3 - s**2. Give i(w).
9
Let n(g) = -5*g**3 + 6*g - 19. Let i(t) = -t**3 + t - 4. Let u(y) = 11*i(y) - 2*n(y). Let d(v) = -v**2 - 6*v. Let l be d(-6). Give u(l).
-6
Let t be -17 + (-4029)/(-316) + 3/(-4). Let r(v) = -v**2 - 4 - 5*v**2 + 5*v**2 + 2*v. Calculate r(t).
-39
Let g(l) = 7*l**2 + l**2 - 5*l**2 + 42*l + 186 - 4*l**2. Give g(46).
2
Let f(g) = -g**2 - 2*g - 6. Let o be ((-8)/(-16))/((-15)/18 + 1). Suppose -o*s - 4*s + 4*s = 0. Determine f(s).
-6
Let n(a) be the second derivative of 13*a**4/12 - a**3/6 - 11*a**2/2 + 9*a. Let b be n(6). Let w(q) = -b - q + 452 - 2*q. Calculate w(-4).
13
Let n be 5 - (4/(-5))/((-10)/25). Suppose 0 = 6*a - n - 15. Let m be (3/3 - a)/(-1). Let l(b) = -4*b**2 + 3*b - 3. What is l(m)?
-13
Suppose -s + 11 = 4*k - 6, -k = 4*s - 23. Let a(d) = -1617*d + 527*d + 538*d + 551*d + 13. Calculate a(s).
8
Suppose -734 = 49*j - 391. Let r(g) = -7*g + 11. Give r(j).
60
Let o = 313 + -310. Suppose f - 2*v + 1 = 0, -5*f + 0*f + 21 = o*v. Let h(m) = -m**2 - 2*m. Calculate h(f).
-15
Let n(k) be the first derivative of k**2 + 3*k - 2482. Let c be 1*8 + -2 + 0. Calculate n(c).
15
Suppose -20 + 151 + 117 = -31*f. Let m(v) = -v**3 - 8*v**2 + 5*v + 33. What is m(f)?
-7
Let p(k) = -k**2 + 55. Let o(z) = -z**2 - 57*z + 3341. Let s be o(-93). Determine p(s).
6
Let w(c) = 10*c - 17. Let f be w(7). Let j = f - 51. Let l(h) = -4 + 1576*h**j + 3 - 1575*h**2 - 11*h. What is l(11)?
-1
Let u(b) = -b**3 - 12*b**2 - 12*b - 13. Let f(w) = w**2 - 35*w + 265. Let a be f(12). Calculate u(a).
-2
Suppose 197*g = 195*g - 12. Let t(q) = -q**2 - 7*q + 7. Give t(g).
13
Suppose w = 3*i - 37, -i + 6*i + 4*w = 56. Let v(u) = -3*u**2 - u**3 + i + 2*u**2 + 13*u**2 - u + 0*u**3. Calculate v(12).
0
Let c(i) be the first derivative of -i**3 - 12. Let k = -9 - -9. Suppose k = 5*z - 3*z + 2. Give c(z).
-3
Let d(a) = -3 - 2 - a - 5 + 11. Let w = -50 + 53. Suppose -i - 2*i - 2*y - 15 = 0, w*i = y - 24. Determine d(i).
8
Let v(g) = g**3 - 2*g**2 + 2*g - 3. Let h be 2 + -3 - -7 - 6. Suppose -c - 7 = 3*m - 1, 3*c + 3*m = h. Give v(c).
12
Suppose -f = -5, -3*w - 3*f = -6 + 90. Let t = 46 + w. Let z(r) = r**2 - 12*r - 16. Let q be z(t). Let c(o) = -o**3 - 3*o**2 + o - 4. What is c(q)?
-7
Let t be (-20)/(7200/1782) - (-10)/2. Let z(d) be the second derivative of -3/2*d**2 + 0 + t*d**5 + 19*d - 2/3*d**4 - 1/6*d**3. Determine z(8).
-11
Let g(k) = -2*k**2 + 3*k - 100. Let c(j) = -j**3 + j**2 - j. Let v(d) = -c(d) - g(d). Let s(y) be the first derivative of v(y). Calculate s(-2).
6
Let t(v) = 7*v**2 + 81*v - 83. Let j(h) = -5*h**2 - 58*h + 58. Let g(i) = 17*j(i) + 12*t(i). Determine g(0).
-10
Let n(w) = 3*w + 5. Let d = 395 + -398. Determine n(d).
-4
Let a(y) = -y**2 - 2*y + 4. Let k(j) be the first derivative of j**3/3 - 8*j + 235. Let n(d) = 2*a(d) + k(d). Calculate n(-3).
3
Let p be (-38)/(-1) + 2 + -2. Suppose 0 = p*g - 33*g - 5. Let h = g - 5. Let t(d) = -d**2 - 5*d - 6. Calculate t(h).
-2
Let z(a) = -2*a + 4*a + 1 - a. Let y(x) = -8*x**2 - 228*x + 117. Let f be y(-29). Determine z(f).
2
Let v(d) = -1 - 29*d + 25*d + 7 + 2. Give v(5).
-12
Let g(h) = -78*h**2 - 9. Let p(d) = 61*d**2 + 7. Let t(c) = 7*g(c) + 9*p(c). Give t(-4).
48
Suppose -2*k + l + 0*l - 18 = 0, -l - 9 = k. Let g be ((-32)/(-36))/4 + 2/k. Let q(z) = 2*z - 2*z - 3 + z + g*z. What is q(5)?
2
Suppose -888*c = -893*c + 30. Let k(n) = c*n - 2*n + 12 - 5*n. Give k(12).
0
Let g(j) = 5*j**3 + 5*j**2 - 7*j + 1. Suppose -8*m + 4*m = -16. Let v(o) = 6*o**3 + 4*o**2 - 6*o + 1. Let b(y) = m*v(y) - 5*g(y). Give b(-10).
-11
Suppose 5 = -4*h + 25. Suppose h*s - 20 = -5*r, 4*s + r = 2*r + 6. Let w(b) = -2 - 4*b - 2 - 2*b**2 + b**s - 3*b. What is w(-5)?
6
Suppose -5*p - 35 = 4*z, -2*z - 3*p = 25 - 6. Let j(n) be the third derivative of 0*n + 7/6*n**3 + 5/24*n**4 + 0 - 6*n**2. What is j(z)?
-18
Suppose b = 3, 2*p + 5*b = -6 + 25. Let a(z) = -4*z - 2*z + z**p + 5*z + 2*z. Calculate a(-2).
2
Let a(u) = -u**2 + 67*u - 1108. Let q be a(40). Let l(w) = 3*w + 77. Determine l(q).
-7
Suppose -v + 544*l - 33 = 539*l, -2*v + 2*l - 58 = 0. Let f(t) = t - 6. Determine f(v).
-34
Let h = 2895 - 2903. Let t(p) = -p + 35 - p**2 - 8*p - 37. Calculate t(h).
6
Let d(t) be the first derivative of -13*t**2/2 - 117*t + 451. Calculate d(-8).
-13
Let t(n) be the second derivative of -n**4/12 - 5*n**3/3 - n**2/2 + 28*n + 11. Calculate t(-10).
-1
Let v(t) = -3*t**3 + 13*t**2 + 13*t + 9. Let c(r) = -7*r**3 + 26*r**2 + 25*r + 17. Let b(q) = 4*c(q) - 9*v(q). Let u = 56409 - 56421. Give b(u).
47
Suppose -5*b = -9*b + 168. Let g = b + -35. Let f(v) = 1 - 2 - 13*v + 4 + 14*v. Determine f(g).
10
Let i(t) = -13*t**3 + 7*t**3 + 6*t + 9 - 3*t - 7*t**2 + 5*t**3. Let u be (0 - (4 - 6))/((-2)/7). Calculate i(u).
-12
Let j(d) = d**3 + 12*d**2 + 3*d + 23. Let y be 4/(-36) - ((-484)/(-99) - -7). Calculate j(y).
-13
Suppose -2*p + 10 = -2*k, -p + 28 = 4*k + 3. Let q(s) = 10*s - 584*s**2 - 10 + 1234*s**2 - 651*s**2. Determine q(p).
-1
Let y(f) = f + 4. Let v(t) = 2*t - 18. Let n be v(6). Let j be y(n). Let a(i) = -17*i - 2. Calculate a(j).
32
Let j(t) be the second derivative of 7/10*t**5 + 0 + 0*t**3 + 1/12*t**4 - t - 1/2*t**2. Suppose 0 = 6*f - 17 + 11. What is j(f)?
14
Let q(k) = -3*k**3 + 7*k**2 - 6*k + 4. Let u(y) = -2*y**3 + 5*y**2 - 4*y + 3. Let o(w) = -5*q(w) + 7*u(w). Suppose -l - 117 = 52. Let n = l + 168. What is o(n)?
-2
Let p(q) be the third derivative of -1/60*q**5 + 0 + 1/8*q**4 - 9*q**2 + 11/6*q**3 + 0*q. Determine p(7).
-17
Let a(t) be the first derivative of -t**4/4 - 3*t**3 + 10*t + 219. Calculate a(-8).
-54
Let f(q) = 39*q + 24. Let t(s) = 263*s + 145. Let y(k) = -13*f(k) + 2*t(k). What is y(5)?
73
Let z(o) be the first derivative of 1/4*o**5 - 1/2*o**2 - 1/3*o**3 + 0*o**4 + 15 + 3*o. Let i(q) be the first derivative of z(q). What is i(-1)?
-4
Suppose 2 = 163*r - 157*r - 4. Let d(j) = 47*j**2 - j - 1. What is d(r)?
45
Let p(n) = -235*n + 1631. Let r be p(7). Let j(s) be the second derivative of s**4/12 + 7*s**3/3 + s**2 - 2*s. Determine j(r).
2
Let u(n) = -n**2 + 3*n + 47. Let d(x) = -3*x**3 - 57*x**2 - 57*x - 60. Let k be d(-18). Give u(k).
-7
Let u(q) = q**3 - q**2 + 4*q + 6. Let c(g) = g**3 + 10*g**2 + 31*g + 313. Let a be c(-10). Give u(a).
36
Let d(p) = -p**3 + 5*p**2 - 4*p + 17. Suppose -33 = 20*r - 7*r - 98. Give d(r).
-3
Let o(v) = -v**2 - 6*v + 15. Let w = -13837 + 13837. Determine o(w).
15
Let b(z) = -15*z + 5. Let n be b(-10). Let w = n - 151. Let k(s) = -s**3 + 5*s**2 - 6*s + 4. Calculate k(w).
-4
Let g(c) = 6 + c**3 + 50*c + 10 + 21*c - 61*c - 12*c**2. What is g(10)?
-84
Suppose 5*q = -70, -3*q - 40 - 4 = -w. Let r(f) = -2*f**2 - 2 + f**3 + 4 - 4. Give r(w).
-2
Let j(p) = -2728130 - 14*p - 19*p + 2728367 - p**2. Calculate j(-39).
3
Let i(c) = -45*c - 1631 + 3307 - 1666. Determine i(2).
-80
Let r(